 o(b) = 19*b**2 + 25*b - 1. Is o(c) a composite number?
True
Is (26 - 87640)/(-2) - (1 - 5) composite?
True
Let d(y) = -2*y - 7. Let z be d(-5). Suppose 0 = -4*i + 20, -3*j + z*i - 5*i + 2548 = 0. Let g = j + -551. Is g composite?
True
Let v(t) be the second derivative of -847/6*t**3 + 0 + 15/2*t**2 + 14*t. Is v(-2) a prime number?
True
Suppose r = -0*r + 3*q - 9, -28 = 2*r + 4*q. Let i be 2 + r/(-3) + 0. Let c = 40 + i. Is c composite?
True
Let x(j) = -j + 8*j**2 + 5 - j**3 - j**2 - 4. Let l be x(7). Let p(r) = -r**3 - 2*r**2 + 5*r + 13. Is p(l) composite?
False
Let l = -3830 + 51833. Is l a composite number?
True
Suppose -3*h + 244 - 16 = 3*p, -2*p = -2*h + 148. Is (201555/h)/((-6)/(-10)) a composite number?
True
Let v = 3 + 2. Suppose 2*l + v*x - 800 = 0, -1217 = -0*l - 3*l + x. Suppose l = -0*u + u - n, n = 2. Is u a prime number?
False
Let m(k) = 2956*k - 409. Is m(38) prime?
True
Let y = 286 + -462. Let d = y + 8. Let n = d - -841. Is n a prime number?
True
Let m(g) = g**3 + 28*g**2 - 9*g - 20. Suppose -2*w = w + 69. Let i be m(w). Suppose 7*z - 1879 = i. Is z a composite number?
False
Suppose 2*l - 23581 = -4811. Let v = 13776 - l. Is v a composite number?
False
Suppose 4*j - 24 + 20 = 0. Let n(m) = 1994*m**3. Let x be n(j). Suppose 2*h + x = -g + 3*g, -2975 = -3*g - h. Is g a composite number?
True
Is -2 + (-8)/(-12) + (-1519850)/(-6) composite?
False
Suppose 2*j = j - 7. Let l(y) be the third derivative of -113*y**4/24 + 11*y**3/3 - 6*y**2 - 6*y. Is l(j) composite?
True
Suppose 4*a = 2*r + 3*a + 1716, 3*r - 2*a + 2574 = 0. Let x = 5081 + r. Is x prime?
False
Let b = -752 - -748. Is b*-1*(-3065)/(-10) prime?
False
Let j = 52 + 6679. Let u = j - -2276. Is u a composite number?
False
Suppose 8*k - 5*k = 5*q - 19, -q - 5 = -5*k. Suppose 0*l - 4*l = 0. Suppose -5*b = -o - 3422 + 715, l = -4*b - q*o + 2183. Is b prime?
False
Suppose -8*d + 37047 = -32833. Suppose 13*o - d = 924. Is o prime?
True
Suppose 4*k - 3*k - 1242 = 4*w, 4*w + 4*k = -1232. Is (w/(-30))/(5/45) a composite number?
True
Let x = 81 - 56. Suppose -i = 2*w - 16, 2*w = -15*i + 19*i - 34. Is 2518*(x/i + -2) a prime number?
True
Let j = 160596 + -106817. Is j a prime number?
False
Suppose -3*r = -4*t + 208247, 4*r - 75293 = -2*t + 28847. Suppose 0 = -20*u + 30716 + t. Is u a composite number?
False
Let u(x) = -15*x**3 - 6*x**2 + 8*x - 13. Suppose 4*i + 8*i + 96 = 0. Let o be u(i). Suppose 1909 + o = 8*k. Is k a composite number?
True
Let y = 1679 - 864. Suppose 0 = -5*t - 2*l - l + y, -3*t = -l - 489. Let v = 350 - t. Is v prime?
False
Suppose 5*x = 2*a + 88, x = 4*a - 2*a + 16. Suppose -39 = 3*f - x. Let j(h) = -40*h - 33. Is j(f) prime?
False
Let z(d) be the second derivative of 11*d**7/840 + 7*d**6/360 - d**5/120 - d**4/12 - d**3/6 + 9*d. Let l(n) be the second derivative of z(n). Is l(5) composite?
False
Let u(m) = -6*m - 93. Let z be u(10). Suppose -l - j + 478 = 0, -2*l + 4*j - 105 + 1085 = 0. Let n = z + l. Is n a prime number?
False
Let n = 77 - 77. Suppose 5*a + n*a - 32990 = 0. Suppose -3*x + 5277 = 4*l - 2*x, 0 = -5*l - 3*x + a. Is l prime?
True
Let y(r) = 7*r - 31. Let s be y(7). Is (14073/s)/((-8)/(-48)) a prime number?
True
Suppose 2*m - 2*l = 218546, 18*l - 109261 = -m + 13*l. Is m a prime number?
False
Let t(m) = 6*m**2 - 15*m + 30. Let a be t(2). Suppose 132428 = a*c - 139036. Is c composite?
False
Let b be (-28)/(-10) - (-1 - 16/(-20)). Suppose 0*o = 4*m - b*o - 44411, -5*m + 4*o = -55513. Is m composite?
True
Let a = -111233 - -156094. Is a prime?
False
Suppose -k + 40 = 7*s, 0 = 5*s - 16*k + 21*k - 20. Let l(u) = 3 + 8*u + 4*u - 4. Is l(s) a prime number?
True
Let n(z) = 5662*z**2 - 18*z - 83. Is n(-4) a composite number?
True
Let z = 85150 + -41693. Is z a composite number?
False
Suppose 50*f - 52*f - u = -2420449, 0 = -3*f - 3*u + 3630660. Is f a prime number?
True
Let h(b) = -b + 3. Let f be h(0). Suppose 3*s - 2*o - 4671 = 0, -3*o - 4631 = -2*s - 1522. Suppose -y - p + s = -6*p, 0 = -f*p. Is y a prime number?
True
Is (12/(-6))/(((-5950892)/(-5950900) - 1)*5) composite?
True
Let u(x) = 3*x + 2. Let v = 14 + -14. Let m be u(v). Suppose m*k = -k + 4*y + 433, -2*y = 5*k - 713. Is k composite?
True
Suppose -j - m + 4*m + 129616 = 0, 5*m + 15 = 0. Is j composite?
False
Suppose -4*m + 2516 = -5*z, -3*m = -164*z + 166*z - 1910. Let s = m + -565. Is s composite?
True
Suppose -2*x + 3265394 = 4*j, 4*j - 12*x + 13*x = 3265395. Is j prime?
False
Suppose q = -0 + 4, -g - 195 = 2*q. Let a(n) = n**3 + 26*n**2 + 26*n + 45. Let p be a(-25). Let f = p - g. Is f composite?
False
Suppose -3*w - 2340 = 5*o, 0*o - 2*w - 1405 = 3*o. Suppose -998*q + 989*q = 14544. Let k = o - q. Is k a prime number?
True
Let v = 15 - 15. Suppose i + 3*x - 2539 = 1980, v = -4*i + x + 18128. Is i composite?
True
Suppose 0 = 11*o - 68483 - 11377. Let i = -4327 + o. Is i prime?
False
Let d(p) = -p**3 - 2*p**2 + 20*p - 21. Let q be d(-22). Let x = q - 4366. Is x a composite number?
True
Let n(t) = -t**3 - 23*t**2 + 41*t - 144. Let s be n(-26). Let p(v) = -2*v**3 - 8*v + 1. Let o be p(-6). Let j = s - o. Is j prime?
True
Let g = -784 - -46431. Is g a prime number?
False
Let z = 24754 - -8619. Is z a prime number?
False
Let u(x) = x**3 + x**2 + 20. Let w be u(0). Suppose -5*i - 5*o - 20 = 0, -o = i - 6*o - w. Suppose 3*a = -i*a + 771. Is a prime?
True
Let a(j) = 8119*j - 589. Is a(44) composite?
False
Let t = 54243 - -41698. Is t a prime number?
False
Is ((-290)/(-116))/((-20)/(-391576)) composite?
False
Suppose 14*v + 34*v - 10722309 = 9*v. Is v a prime number?
True
Suppose 0*z - 11 = -3*p + 4*z, -9 = -3*p + 3*z. Is ((-12698)/(-42))/(p/(-27)*-3) prime?
False
Let f(o) = 1603*o**2 + 41*o - 67. Is f(8) prime?
False
Suppose 9*a - 534 - 15 = 0. Suppose a*h + 20612 = 65*h. Is h composite?
False
Suppose -b = a - 245652, 4*b + 3*a - 1271438 = -288833. Is b a composite number?
True
Suppose -34*c = -35*c - 167. Let p = c + 246. Is p prime?
True
Let q(g) = 868*g**2 - 9*g + 23. Let c be q(5). Suppose j - 2*j + 3*d + 21668 = 0, -d - c = -j. Is j composite?
False
Let u be -10 - 2257 - (3 - 0)*1. Let l = 4209 + u. Is l a composite number?
True
Let x(l) = l - 9. Let u be x(8). Let t be -46*(u + 1 - -1). Is (-4)/16*34*t a composite number?
True
Suppose -89*s + 2*g = -93*s + 109842, -4*g = 4*s - 109832. Is s prime?
False
Let a = 65 + -63. Let y be ((-18)/(-8) - a)/(2/2984). Let d = y + 742. Is d a prime number?
False
Let r(f) = -f**3 - 31*f**2 + 130*f + 841. Is r(-69) prime?
False
Suppose 801881 = 14*l - 24*l + 13574371. Is l prime?
True
Let n = 5106 - 2984. Suppose -17*x + 19*x - n = 0. Is x composite?
False
Let k = -114574 + 187740. Is k a prime number?
False
Let g(c) = 250*c**2 - 248*c - 3595. Is g(-13) prime?
True
Suppose -5*d - 245 = -0*d. Let t = d + 48. Is 16/(-4) + t/(-1) + 256 composite?
True
Suppose -4*u = 20, -5*p = 3*u + 74 + 101. Let m = p + 35. Suppose -m*o = -4772 - 17257. Is o prime?
False
Let g = -14 - -18. Suppose -g = -2*w - 2*x, w - 2*x - 8 = -w. Suppose 3*y + w*y - 1122 = 0. Is y prime?
False
Let o(l) = 73*l + 24. Let p be o(1). Suppose 75*m = p*m - 106942. Is m composite?
False
Let k = 26484 + -10291. Suppose -14*f + 1433 = -k. Is f prime?
True
Suppose -5*i - 3035583 = 5*z + 1509002, 0 = -z + 4*i - 908927. Let a be (-21)/(-49) + z/(-7). Is (a/(-8))/(-17) + 2/8 a prime number?
False
Suppose -3*m - 25*y = -28*y - 1032972, 0 = 5*m + y - 1721602. Is m composite?
False
Suppose w = -c + 1984420, -1850784 = -3*c - 2*w + 4102485. Is c composite?
False
Let a be (1/(-1))/(5/(-30)). Let i be -2 - (a/(-9))/((-4)/6). Is (-902)/(-3)*1/(-2)*i a prime number?
False
Let b(l) = -2*l**2 - 12*l - 10. Let q be b(-7). Let o be (44/q)/11 - (-255)/18. Is 7/o - 5799/(-6) a composite number?
False
Suppose 10*z = -32 + 2. Let s be 150*(-6 - z - -4). Suppose s + 28 = 2*c. Is c a composite number?
False
Let f(q) = 10301*q**3 + 5*q**2 - 13*q + 1. Is f(2) a composite number?
True
Suppose i = -5*w + 2*w + 31, -4*w = -12. Let j(n) = 439*n + 107. Let p be j(25). Suppose -p = -28*z + i*z. Is z a composite number?
False
Suppose -3*q - 6*g + 7*g + 78 = 0, 2*q = 5*g + 65. Suppose q*z - 21*z = 8724. Is z prime?
False
Let r(z) be the second derivative of -29*z**4/8 - 7*z**3/3 - 14*z**2 + 19*z. Let n(b) be the first derivative of